False
Is 28168052851 prime?
True
Is 20568805177 composite?
False
Is 8125409443 a composite number?
True
Is 1684417157 prime?
False
Is 139038829 composite?
False
Is 801670301 prime?
False
Is 14869586351 a prime number?
False
Is 59081438323 prime?
False
Is 67881431 a prime number?
False
Is 32155513 a prime number?
False
Is 4495159183 a composite number?
False
Is 13758375769 prime?
True
Is 318968311 prime?
False
Is 95349411041 prime?
False
Is 51804550991 composite?
False
Is 7073167249 a composite number?
True
Is 1673926253 a prime number?
False
Is 18932309909 composite?
False
Is 213842253 prime?
False
Is 11930565923 composite?
False
Is 5049647693 prime?
True
Is 324569515 prime?
False
Is 6571299073 composite?
False
Is 2528889241 a prime number?
True
Is 30776871527 a composite number?
True
Is 13902343289 a composite number?
False
Is 576019281 a composite number?
True
Is 4499436917 a prime number?
True
Is 2298272467 a composite number?
False
Is 270553373 composite?
True
Is 1383906019 a prime number?
False
Is 6707704991 composite?
True
Is 740206501 prime?
False
Is 61814141 prime?
True
Is 25565281867 prime?
True
Is 45077534311 composite?
False
Is 1896943039 a prime number?
True
Is 14307272209 a prime number?
False
Is 6691027843 a composite number?
True
Is 16182079577 a composite number?
True
Is 163324979 prime?
False
Is 22947870349 prime?
False
Is 12120497929 a composite number?
True
Is 8742850027 prime?
True
Is 4881684737 composite?
False
Is 6625770017 a prime number?
False
Is 115372787 prime?
False
Is 5074618963 a composite number?
True
Is 5678666911 a composite number?
True
Is 456840977 a prime number?
True
Is 125798970439 prime?
True
Is 4260445793 prime?
True
Is 34555188503 composite?
True
Is 173019568685 a prime number?
False
Is 21845749841 a composite number?
True
Is 3761265367 prime?
False
Is 20713457773 prime?
False
Is 120756373 composite?
False
Is 4866619519 a composite number?
True
Is 783363817 a prime number?
False
Is 29442989419 a composite number?
False
Is 195246970683 prime?
False
Is 23091769 a prime number?
True
Is 13217802313 a prime number?
False
Is 11614753 composite?
False
Is 958774237 prime?
False
Is 5508218587 a composite number?
False
Is 1710987682 a composite number?
True
Is 2231344201 a composite number?
True
Is 75631429799 prime?
False
Is 2436403301 a prime number?
True
Is 7576843451 composite?
False
Is 1877000197 prime?
False
Is 1147156733 prime?
True
Is 124790203 a prime number?
False
Is 71118913543 a composite number?
False
Is 14638110709 a composite number?
False
Is 51069334061 a prime number?
True
Is 2684549479 a composite number?
False
Is 1835841853 composite?
True
Is 18456940399 prime?
False
Is 8854044553 prime?
False
Is 4473555367 composite?
False
Is 3460602703 prime?
True
Is 1593704039 a composite number?
False
Is 14428641 composite?
True
Is 2011656329 composite?
False
Is 21115662922 a prime number?
False
Is 2184781931 a composite number?
False
Is 16060985347 a composite number?
True
Is 2981054287 a prime number?
True
Is 191154787259 a composite number?
False
Is 10716061549 composite?
True
Is 3012809627 a prime number?
True
Is 281580587 prime?
False
Is 388510981 a composite number?
True
Is 7629143882 composite?
True
Is 10823312177 a composite number?
False
Is 83553009 a composite number?
True
Is 2158849347 a composite number?
True
Is 1435926323 a composite number?
True
Is 125277571169 a composite number?
False
Is 22667488661 a composite number?
True
Is 2366941183 prime?
True
Is 492990557 prime?
False
Is 631507759 composite?
False
Is 10711072067 a prime number?
True
Is 445079494543 composite?
False
Is 17929427 prime?
True
Is 1770634079 prime?
True
Is 312219133 prime?
False
Is 16813841173 a prime number?
True
Is 1049134277 prime?
False
Is 463227703 a prime number?
False
Is 9864626621 a prime number?
True
Is 1041455111 prime?
False
Is 4150254103 a prime number?
True
Is 18682839029 composite?
False
Is 62122634359 composite?
False
Is 6235099349 a composite number?
False
Is 144924067 composite?
True
Is 120383293 a prime number?
False
Is 3884163623 composite?
False
Is 20754479101 composite?
False
Is 2427736541 a prime number?
True
Is 436752319 a prime number?
False
Is 55516345711 a prime number?
False
Is 104921191 prime?
False
Is 959294891 a composite number?
False
Is 12986695 composite?
True
Is 41870819 a prime number?
True
Is 10827394777 prime?
False
Is 23824051813 a composite number?
False
Is 9604223 prime?
False
Is 1485739117 a composite number?
False
Is 30285131 prime?
True
Is 957544759 composite?
False
Is 194011553 a composite number?
True
Is 617585071 composite?
False
Is 1693113187 prime?
True
Is 2019745687 a composite number?
True
Is 685215047 a prime number?
False
Is 2432030099 a prime number?
False
Is 25090639 a composite number?
True
Is 18317038253 composite?
False
Is 560239877 prime?
False
Is 7810922257 prime?
False
Is 318638143 prime?
False
Is 33974000653 a prime number?
True
Is 1608800887 prime?
True
Is 36278542961 a prime number?
True
Is 1572127331 a prime number?
True
Is 22260747191 a prime number?
True
Is 2003393809 composite?
False
Is 6020923529 composite?
True
Is 2752257499 a prime number?
False
Is 9652028887 prime?
False
Is 2024118205 prime?
False
Is 17629446641 prime?
False
Is 45424297417 prime?
True
Is 59589893191 composite?
False
Is 263274871 prime?
False
Is 82710599399 prime?
True
Is 1349023073 a prime number?
False
Is 815604421 a composite number?
True
Is 839452807 composite?
False
Is 4945450643 composite?
True
Is 138635901739 composite?
True
Is 377752813 prime?
False
Is 272624278 prime?
False
Is 4476021187 prime?
False
Is 63269399533 prime?
True
Is 126592177627 a composite number?
False
Is 4614573127 a composite number?
True
Is 148103201 prime?
False
Is 541501661 prime?
False
Is 3293560519 a prime number?
False
Is 4214373719 a composite number?
False
Is 914262017 a composite number?
False
Is 1702063957 a composite number?
True
Is 78749918813 prime?
True
Is 11611377779 a composite number?
True
Is 27307623907 prime?
True
Is 65010078023 composite?
True
Is 292948661 a composite number?
False
Is 15681637579 a composite number?
False
Is 31923473 composite?
False
Is 20189486287 a prime number?
True
Is 64395626609 a composite number?
True
Is 176090581 prime?
False
Is 7949750561 a composite number?
False
Is 72643997 prime?
True
Is 8399611421 a prime number?
True
Is 993479731 prime?
True
Is 741043013 a prime number?
True
Is 3410025803 a prime number?
True
Is 21798435709 composite?
False
Is 130832615321 prime?
True
Is 16658451193 a composite number?
False
Is 4130784479 prime?
False
Is 4329752153 prime?
True
Is 71234902597 prime?
True
Is 6990680069 composite?
False
Is 2865004741 a composite number?
True
Is 42828432767 a composite number?
False
Is 30128350078 prime?
False
Is 252286566999 composite?
True
Is 2287822543 a prime number?
False
Is 24426771553 a prime number?
False
Is 413220737 a prime number?
False
Is 66287828263 a prime number?
True
Is 5068585061 a composite number?
False
Is 9938381087 prime?
False
Is 27187115497 prime?
True
Is 1605747811 composite?
False
Is 10680551531 composite?
True
Is 83914908331 composite?
True
Is 593583391 composite?
True
Is 1084454335 composite?
True
Is 10566714335 prime?
False
Is 1876069193 a prime number?
False
Is 60723739 a prime number?
True
Is 50950267957 prime?
True
Is 23052074501 composite?
True
Is 38223349633 prime?
False
Is 36961697 a composite number?
False
Is 12628110091 a composite number?
True
Is 702173181 a prime number?
False
Is 207611819 a composite number?
False
Is 148476981586 a prime number?
False
Is 165356657 a composite number?
True
Is 2992885771 a composite number?
False
Is 2103934289 a composite number?
True
Is 1759641701 a composite number?
False
Is 11377155466 composite?
True
Is 5715725143 prime?
True
Is 10967583001 prime?
True
Is 9486925177 a composite number?
False
Is 72672209 a prime number?
True
Is 3062435653 prime?
True
Is 1182381339 a composite number?
True
Is 110559956021 prime?
False
Is 11065470041 a composite number?
False
Is 29391568511 a prime number?
True
Is 254458358569 composite?
True
Is 466729061 a prime number?
False
Is 93098305607 composite?
True
Is 120590869551 a composite number?
True
Is 4871045539 a prime number?
False
Is 38071